 common divisor of 100104 and 3783.
291
Calculate the greatest common divisor of 134476 and 48.
4
What is the highest common factor of 608 and 356288?
608
What is the highest common factor of 39 and 567?
3
Calculate the greatest common factor of 316370 and 646.
34
What is the highest common divisor of 5559 and 17876?
109
Calculate the highest common divisor of 1144 and 1404.
52
Calculate the highest common factor of 19487 and 13.
13
Calculate the greatest common divisor of 14922 and 342.
18
What is the highest common divisor of 56027 and 39751?
313
Calculate the greatest common divisor of 778124 and 272.
68
What is the highest common divisor of 115 and 13616?
23
Calculate the highest common divisor of 4242850 and 25.
25
What is the greatest common divisor of 8 and 164756?
4
What is the greatest common divisor of 211959 and 99?
99
Calculate the highest common divisor of 34163 and 8339.
269
What is the highest common factor of 72210 and 580?
290
Calculate the greatest common divisor of 1564 and 47311.
391
Calculate the highest common factor of 4578 and 3626.
14
What is the greatest common divisor of 6 and 5946?
6
Calculate the greatest common factor of 2241 and 428529.
249
Calculate the greatest common factor of 29408 and 4416.
32
Calculate the highest common factor of 686 and 111426.
98
What is the highest common divisor of 3248 and 1008?
112
Calculate the greatest common factor of 200 and 89960.
40
What is the greatest common divisor of 212 and 1192?
4
Calculate the greatest common factor of 274900 and 60.
20
Calculate the greatest common divisor of 508432 and 2408.
344
What is the greatest common factor of 44 and 79046?
22
What is the greatest common factor of 15 and 332140?
5
Calculate the highest common factor of 188435 and 338.
169
Calculate the greatest common divisor of 540 and 228630.
30
What is the greatest common divisor of 2640 and 4972?
44
Calculate the greatest common divisor of 289 and 478635.
17
Calculate the greatest common divisor of 63630 and 42.
42
Calculate the greatest common divisor of 136 and 124508.
68
Calculate the highest common divisor of 1027 and 137065.
79
What is the highest common divisor of 2289035 and 490?
245
What is the greatest common divisor of 39354 and 126?
42
Calculate the greatest common factor of 66966 and 12.
6
What is the greatest common factor of 9679999 and 49?
49
What is the greatest common divisor of 396 and 1321980?
132
What is the greatest common divisor of 610 and 2687782?
122
Calculate the highest common divisor of 19 and 6655776.
19
What is the highest common factor of 104 and 2241668?
52
Calculate the highest common factor of 515 and 8670.
5
Calculate the greatest common divisor of 2562 and 1113372.
366
Calculate the highest common divisor of 30976 and 1452.
484
What is the highest common divisor of 4 and 939332?
4
Calculate the greatest common factor of 2961 and 75915.
63
Calculate the greatest common factor of 314 and 1076392.
314
What is the greatest common factor of 7588 and 2464?
28
What is the greatest common factor of 84 and 259956?
12
Calculate the greatest common factor of 935 and 3961.
17
Calculate the greatest common factor of 31187 and 130.
13
Calculate the greatest common divisor of 123200 and 1375.
275
What is the greatest common divisor of 1524 and 516?
12
What is the highest common divisor of 55025 and 300?
25
Calculate the greatest common divisor of 43 and 9327431.
43
Calculate the greatest common factor of 13904 and 810224.
1264
What is the highest common factor of 488 and 1161928?
488
Calculate the highest common divisor of 16 and 836048.
16
Calculate the highest common factor of 3899 and 21.
7
What is the greatest common divisor of 6039 and 11319?
33
What is the greatest common factor of 1264 and 1126066?
158
What is the greatest common factor of 836 and 314963?
209
What is the greatest common divisor of 225 and 100755?
45
Calculate the highest common divisor of 13287 and 12566.
103
Calculate the highest common factor of 1152 and 2381472.
288
What is the highest common divisor of 11733 and 33?
3
What is the greatest common factor of 17442 and 20196?
918
Calculate the greatest common factor of 28774 and 2.
2
What is the highest common divisor of 16239 and 6?
3
Calculate the highest common divisor of 15981 and 448.
7
What is the highest common divisor of 1323 and 45171?
189
Calculate the greatest common factor of 768 and 1419.
3
Calculate the greatest common factor of 4587 and 396.
33
Calculate the greatest common factor of 33 and 404763.
3
Calculate the greatest common factor of 279 and 64053.
9
What is the greatest common factor of 501 and 668167?
167
What is the greatest common divisor of 23507 and 440?
11
Calculate the highest common factor of 92 and 23.
23
Calculate the greatest common factor of 70 and 137710.
10
What is the greatest common factor of 119280 and 1008?
336
What is the highest common divisor of 969 and 10608?
51
Calculate the highest common factor of 3376 and 1520.
16
What is the highest common factor of 8496 and 47200?
944
What is the greatest common divisor of 162 and 7631982?
162
What is the highest common divisor of 385 and 116410?
35
What is the greatest common divisor of 88 and 5965432?
88
What is the greatest common divisor of 5525 and 68?
17
Calculate the highest common factor of 21 and 595.
7
Calculate the highest common factor of 728 and 763.
7
Calculate the highest common factor of 618 and 106482.
6
Calculate the greatest common divisor of 1016899 and 494.
247
What is the greatest common factor of 123487 and 46?
23
What is the greatest common factor of 108 and 264087?
27
What is the highest common divisor of 952 and 1863302?
238
What is the highest common divisor of 120320 and 235?
235
Calculate the highest common factor of 22056 and 1032.
24
Calculate the greatest common factor of 7812 and 360.
36
What is the highest common divisor of 5160 and 1903008?
1032
Calculate the highest common divisor of 34 and 642651.
17
Calculate the greatest common divisor of 27 and 55248.
3
Calculate the highest common divisor of 206 and 768998.
206
What is the highest common factor of 13134 and 2706?
66
Calculate the greatest common factor of 2091 and 3321.
123
Calculate the highest common factor of 252900 and 1100.
100
Calculate the highest common factor of 106310 and 100.
10
What is the greatest common factor of 1078 and 23030?
98
Calculate the highest common divisor of 100 and 5860.
20
What is the greatest common factor of 11268 and 10884?
12
What is the greatest common divisor of 180 and 282960?
180
What is the highest common factor of 4700 and 8554?
94
What is the highest common factor of 559 and 8944?
559
Calculate the greatest common divisor of 18449 and 19.
19
Calculate the greatest common factor of 14770 and 406.
14
Calculate the highest common divisor of 550112 and 4.
4
What is the greatest common divisor of 114054 and 36?
6
What is the greatest common factor of 2121676 and 262?
262
What is the highest common factor of 23532 and 424?
212
Calculate the greatest common divisor of 1926 and 5922.
18
Calculate the highest common factor of 20078 and 2.
2
Calculate the highest common factor of 123 and 45429.
3
What is the highest common divisor of 16 and 1858256?
16
Calculate the highest common factor of 57122 and 78.
26
What is the greatest common factor of 78291 and 63?
9
What is the highest common factor of 256084 and 292?
292
Calculate the greatest common factor of 1175 and 1675.
25
Calculate the greatest common divisor of 7582625 and 125.
125
Calculate the highest common divisor of 142 and 2421455.
71
Calculate the highest common factor of 5079 and 719525.
1693
Calculate the highest common divisor of 386826 and 66.
66
What is the highest common divisor of 5 and 6515?
5
What is the highest common factor of 427703 and 362?
181
What is the greatest common factor of 114612 and 36?
12
Calculate the greatest common factor of 4 and 5132.
4
What is the greatest common divisor of 5372 and 2844?
316
What is the highest common factor of 985902 and 222?
222
What is the highest common factor of 18436 and 220?
44
What is the greatest common divisor of 2508 and 45372?
228
What is the greatest common divisor of 20 and 67570?
10
What is the highest common factor of 8